remainder when v is divided by 77?
68
Let p(k) = -41*k - 147. Suppose 15*c - 29*c = -1372. Calculate the remainder when c is divided by p(-5).
40
Let t(i) = -2*i**3 + 5 + 5*i**3 - 7*i**2 + 7*i - 2*i**3. Suppose -j - 4*j = 5*x - 255, 0 = -x - 2*j + 49. What is the remainder when x is divided by t(6)?
9
Suppose -3*k = -0*k - 5*k + 346. Calculate the remainder when 1396 is divided by k.
12
Let o be (-5)/10*249*(-6)/9. Suppose 0 = 4*i - 3*i - 2*c - 78, i = 3*c + o. What is the remainder when i is divided by 17?
0
Let x be ((-31)/(-3))/(1*(-1)/3). Let i = 215 + x. Calculate the remainder when i is divided by 37.
36
Let o(g) be the third derivative of g**5/60 - 5*g**4/24 - 13*g**2 - g. Calculate the remainder when o(9) is divided by (-5)/(-1 + (3 - 3)).
1
Let s(y) = y**3 - y**2 - 3*y - 3. Suppose -33 = -3*l - 5*k, 4*l + 5*k + 9 = 8*l. What is the remainder when s(l) is divided by 18?
15
Suppose 0 = -2*h + 4*i + 6256, 2151 + 7261 = 3*h + i. Let o be 3/(7/(h/12)). Suppose 12*w + o = 412. What is the remainder when w is divided by 9?
7
Suppose -18*c + 136 = -22*c. Let z = c - -78. What is the remainder when z is divided by 8?
4
Let j(t) = -36*t**3 + t + 1. Let y be j(-1). Let i be (-9)/(1*(-3)/y). What is the remainder when (-1 + 5 - 3) + i is divided by 22?
21
Let j be (-2)/(5550/(-695) - -8). Let n = j - -162. Calculate the remainder when n is divided by 19.
4
Calculate the remainder when 1820 is divided by (121 - 1)/12 + 86.
92
Calculate the remainder when ((50/30 + -2)*(-282)/2)/1 is divided by 17.
13
Suppose -712 - 2968 = -16*d. Suppose 0 = 10*r + 80 + d. Let b = r - -102. Calculate the remainder when b is divided by 12.
11
Suppose -33 = -5*x + 4*i, -4*i + 2 = 3*x - 5. Suppose x*u = 20, m - u - 204 = -38. Calculate the remainder when m is divided by 35.
30
Suppose 4*l + 4*r = 4 + 16, -5*l + 20 = 4*r. Suppose 4*y - 108 - 64 = l. Calculate the remainder when y is divided by 25 + (-416 + 29)/43.
11
Suppose 384 + 138 = 9*v. Let m be (18/24)/(2/8). Suppose v - 12 = m*n - 4*u, 4*u = -n + 10. Calculate the remainder when 83 is divided by n.
13
Calculate the remainder when 1309/(-63) + 21 + 2012/18 is divided by 66.
46
Suppose -c = f - 6*c - 125, 3*c + 432 = 4*f. What is the remainder when 9449 is divided by f?
104
Let u = -2112 + 2894. Calculate the remainder when 786 is divided by u.
4
Let m(i) = -i**3 - 7*i**2 + 13*i - 20. Let y(z) = 11*z - 33. Let o be y(2). Calculate the remainder when m(o) is divided by 81.
78
Let b(d) = -25*d - 74. Let f = -665 + 655. What is the remainder when b(f) is divided by 60?
56
Suppose -5*h + 1995 = 16*h. What is the remainder when h is divided by (110/8 + 5)/(3/4)?
20
Suppose y - 276 = -5*z, 2*z + 4*y + 5 - 101 = 0. Calculate the remainder when (3 - 1)*(-7)/(z/(-496)) is divided by 22.
14
Suppose 9*x + 2951 = -4*x. Let k = x + 245. Suppose -2*m + 202 = 2*t, 8 = -2*t + 5*m + 245. What is the remainder when t is divided by k?
16
Suppose 2529 + 919 = 33*l + 214. Calculate the remainder when 204 is divided by l.
8
Let f(r) = 6*r + 81. What is the remainder when (1/1)/((-18)/(-18))*146 is divided by f(-10)?
20
Suppose -5*l - 6*l = 88. Let i be 256/48*(-438)/l. Let a = -162 + i. Calculate the remainder when a is divided by 22.
20
Let z(c) = -53*c + 2080. Calculate the remainder when z(-18) is divided by 8.
2
Let s be (-756)/(-8)*8/6. Suppose 216 = 3*o - s. Calculate the remainder when o is divided by (3/(-2))/(-4 + 309/78).
36
Suppose 148*q + 27*q = 9100. What is the remainder when 350 is divided by q?
38
Suppose 0 = 184*g - 189*g + t + 3665, -5*g + 3665 = 4*t. What is the remainder when g is divided by 35?
33
Let w = -189931 - -189937. Let f(n) = -n**3 + 4*n**2 + 7*n - 2. Let t be f(5). Let d = 0 + t. Calculate the remainder when d is divided by w.
2
Let r(a) = a**3 - 13*a**2 - 7*a. Suppose 106 = 6*q + 22. Calculate the remainder when r(q) is divided by 29.
11
Let x = 44495 - 44395. What is the remainder when 920 is divided by x?
20
Suppose -5*h + 12 = -3*o, -18*h + o = -16*h - 5. Suppose -3*g - 3 = -3*w + 2*g, 2*g + 6 = 2*w. What is the remainder when w is divided by 7/h - 64/(-24)?
1
Let g = 857 + -847. Calculate the remainder when 17 is divided by g.
7
Suppose -3*s + 0*s = -141. Let c = 50 - s. What is the remainder when c is divided by 1/2 - (-5)/10?
0
Suppose -13*c = -18*c + 90. Let g be -39*(10 - 20/4). Let j = -70 - g. Calculate the remainder when j is divided by c.
17
Let k be -3*(2 - (-6)/(-2)). Let g be (-55)/3*243/(-135). Suppose 3*x - 3*d - g = 0, -6*x + k*d + 21 = -4*x. Calculate the remainder when 22 is divided by x.
10
Let m(s) = -10 + 5*s**2 - 2 - 2*s**2 + 1111*s - 1094*s. Calculate the remainder when 38 is divided by m(-7).
6
Let q = -12 - -12. Suppose q = 2*w - 2*t + 4*t - 172, -77 = -w - 4*t. Calculate the remainder when w is divided by 9.
8
Suppose -295 = -2*d - n, d - n = 123 + 20. What is the remainder when 456 is divided by d?
18
Calculate the remainder when (31101/6 - -1) + (-84)/24 is divided by 16.
13
Let b(u) = -27*u**3 + u**2. Let x = 22514 - 22180. What is the remainder when x is divided by b(-1)?
26
Suppose -4*t + 2329 = -5*g, -3*t - 3*g + 825 = -888. What is the remainder when t is divided by 84?
72
Let y(d) = -85*d**3 - 2129*d**2 - 104*d - 14. Suppose j - 4*j = 18. Calculate the remainder when y(-25) is divided by (-3)/j*(-72)/(-2).
14
Suppose -220 = -5*m - 6*n + n, 5*n + 536 = 13*m. Calculate the remainder when 668 is divided by m.
38
Let q be -1*6/(-3) - -12. Suppose 3*h - h = q. What is the remainder when -6*23*(-8)/48 is divided by h?
2
Let o be (-5 - -3) + 0 + 0. Let f(h) = -h**3 + 4*h**2 + 3*h - 1. Calculate the remainder when 40 is divided by f(o).
6
Calculate the remainder when 430 is divided by ((-649)/4 - 70/(-280))*1/(-2).
25
Suppose -4*q = a - 192, -7*q = 4*a - 2*q - 735. Let v = a + -130. Let r = 8 - 2. What is the remainder when v is divided by r?
2
Let w(k) = -k**2 - k + 7. Let q(m) = -8*m + 116. Let n be q(19). Let x = 63 + n. Calculate the remainder when x is divided by w(0).
6
Suppose 0 = 4*h - 2*d - d - 211, -d = 4*h - 191. Let a(j) = 22*j**2 + j + 2. What is the remainder when h is divided by a(-1)?
3
Let c = -13263 - -14956. Calculate the remainder when c is divided by 170.
163
Let q be (-2)/(-9) + (-2303)/441. Calculate the remainder when (4 - q) + -8 + 400 is divided by 13.
11
Suppose -6*p + 13 - 49 = 0. What is the remainder when (2 - 0) + ((-24)/p - -116) is divided by 41?
40
Suppose -5*o + 280 = -72*t + 67*t, 0 = 2*o + 3*t - 87. What is the remainder when 10654 is divided by o?
46
Suppose 58*y - 59*y + w = -1070, -2*y + 5*w + 2143 = 0. What is the remainder when y is divided by 16?
13
Suppose 7*j - 4*j = -2*m + 73, -131 = -4*m - 3*j. Suppose 5*l - m - 51 = 0. Suppose 12*n + 36 = l*n. What is the remainder when 50 is divided by n?
5
What is the remainder when 154 is divided by 2/14 + (1188/14 - 14)?
12
Suppose -91*y = -669 + 32. Suppose -2*k - 2*l + 0*l = -10, k - 5 = -4*l. Calculate the remainder when y is divided by k.
2
Let x = -470 + 470. Suppose x = 12*d - 2147 + 227. What is the remainder when d is divided by 28?
20
Let l(j) = -j + 2. Let b(m) = 6*m**2 - 176*m - 74. Calculate the remainder when b(30) is divided by l(-5).
4
Let m(a) = a**2 + 14*a + 16. Let l be 1*(-17 + 5 + -1). Calculate the remainder when 14 is divided by m(l).
2
Suppose -2980 + 1831 = -21*p + 2358. Calculate the remainder when p is divided by 15.
2
Let o = -700 + 783. What is the remainder when 414 is divided by o?
82
Suppose -31*q + 21*q - 2076 = -4*b, 5*b = -5*q + 2525. What is the remainder when b is divided by 92?
49
Suppose -223 = 4*b - 271. Suppose 0 = -4*u + b, 2*j - 553 = 2*u + 3*u. What is the remainder when j is divided by 11?
9
Let g = -274 + 625. Suppose -g = -3*k + 102. Calculate the remainder when k is divided by 47.
10
Let b be ((-123)/(-12) + -2)/(21/56). Calculate the remainder when b/(-143) + (-704)/(-13) is divided by 16.
6
Let h be (2/2)/(1/2). Let a = 14 - h. Suppose -12*l - 50 = -13*l - 2*r, -5*l = -2*r - 298. Calculate the remainder when l is divided by a.
10
Suppose -66 = 4*u - 494. Let s = -2554 + 2572. What is the remainder when u is divided by s?
17
Let d(n) = 8*n**2 + 10*n + 41. Suppose 0 = -22*a - 212 + 14. What is the remainder when d(a) is divided by 25?
24
Sup